n divisor of 2 and 51135314.
2
Calculate the highest common divisor of 17017 and 63685468.
1309
What is the greatest common divisor of 113040 and 32320?
80
What is the greatest common divisor of 7426872 and 904?
8
What is the greatest common factor of 886932 and 12642?
6
What is the greatest common factor of 8112 and 3631641?
507
What is the greatest common factor of 149843 and 243060847?
5167
What is the highest common divisor of 232767 and 82917?
999
What is the highest common factor of 162000 and 481725?
225
What is the highest common divisor of 658554 and 1508?
26
Calculate the greatest common factor of 672 and 20854617.
21
Calculate the highest common divisor of 1915 and 43530631.
383
Calculate the greatest common factor of 36961627 and 701.
701
Calculate the highest common factor of 13240288 and 608.
32
What is the highest common divisor of 2754240 and 67792?
304
Calculate the highest common divisor of 79795175 and 13350.
2225
What is the greatest common factor of 4149423 and 1219?
53
What is the highest common factor of 11711304 and 4050?
162
What is the highest common factor of 34134511 and 229?
229
What is the greatest common factor of 13455 and 4549515?
345
What is the greatest common divisor of 1153988 and 550?
22
Calculate the greatest common divisor of 699670 and 60310.
370
What is the greatest common divisor of 101893792 and 1144?
1144
What is the highest common divisor of 369983552 and 56?
8
What is the highest common divisor of 82392 and 51240958?
6866
Calculate the greatest common factor of 12625 and 11009.
101
What is the greatest common factor of 26256 and 5083818?
3282
Calculate the greatest common factor of 13010435 and 5.
5
What is the greatest common divisor of 4986 and 77182726?
554
What is the greatest common factor of 9925952 and 93?
31
What is the greatest common divisor of 123820072 and 72?
8
Calculate the highest common factor of 276 and 95054676.
276
Calculate the greatest common factor of 15568 and 55867992.
1112
Calculate the greatest common factor of 46860 and 2649720.
4260
Calculate the greatest common factor of 657695553 and 87.
87
Calculate the greatest common factor of 84440575 and 4010.
2005
Calculate the highest common divisor of 262418 and 48.
2
What is the greatest common factor of 3120 and 2398080?
240
What is the greatest common factor of 13274755 and 219035?
3085
Calculate the highest common divisor of 16 and 164347312.
16
What is the highest common factor of 296471123 and 1599?
533
Calculate the highest common factor of 9680433 and 42.
21
Calculate the greatest common divisor of 17257950 and 900.
450
What is the greatest common factor of 13066 and 6422078?
278
What is the greatest common divisor of 147 and 137459700?
147
What is the greatest common factor of 1250622 and 594018?
1098
What is the greatest common divisor of 17652 and 5427?
3
What is the highest common divisor of 9672416 and 88?
8
What is the greatest common divisor of 8279 and 2338087?
487
What is the highest common factor of 20 and 1126784?
4
Calculate the greatest common divisor of 2190 and 174.
6
What is the greatest common divisor of 1860 and 75670752?
372
Calculate the greatest common factor of 426740 and 56500.
20
What is the greatest common factor of 63 and 64533063?
21
What is the greatest common divisor of 364 and 156302263?
13
What is the greatest common factor of 20394704 and 48?
16
Calculate the highest common factor of 821789472 and 58.
58
What is the highest common factor of 5800 and 1714800?
200
What is the highest common factor of 2286727 and 12388?
163
Calculate the highest common divisor of 10080 and 43160.
40
Calculate the greatest common factor of 3664 and 48512.
16
What is the highest common divisor of 41193516 and 442?
442
Calculate the greatest common divisor of 423632 and 739442.
638
What is the highest common factor of 539 and 3344985?
49
Calculate the greatest common factor of 19479 and 9900768.
453
What is the highest common factor of 531416 and 635672?
1448
What is the greatest common factor of 53692188 and 1562?
1562
Calculate the greatest common divisor of 1502707705 and 1990.
995
What is the greatest common factor of 2995359 and 1311?
69
What is the highest common divisor of 4596760 and 15?
5
Calculate the greatest common divisor of 660 and 200556.
12
Calculate the highest common divisor of 1552 and 18339596.
388
Calculate the highest common factor of 4325353 and 1041407.
6389
Calculate the greatest common factor of 165562980 and 264.
132
What is the highest common divisor of 14704 and 129936?
16
What is the greatest common factor of 470464 and 6080?
64
Calculate the greatest common divisor of 4956774518 and 86.
86
Calculate the highest common factor of 335830260 and 120.
60
What is the highest common divisor of 3567 and 28659?
123
What is the highest common divisor of 1247 and 34206457?
1247
What is the greatest common divisor of 2007 and 16999959?
669
What is the greatest common divisor of 212 and 60276211?
53
What is the highest common factor of 81 and 1575909?
27
What is the highest common factor of 4879044 and 48?
12
Calculate the greatest common divisor of 126588 and 135356.
548
What is the greatest common factor of 196315 and 11928000?
2485
Calculate the greatest common factor of 92 and 388541438.
46
Calculate the greatest common factor of 18600 and 28647100.
3100
What is the greatest common divisor of 93368 and 36454?
22
What is the greatest common divisor of 864 and 1184672?
32
What is the greatest common factor of 46368358 and 18?
2
What is the highest common divisor of 315 and 112812?
21
What is the highest common factor of 8527917 and 69?
69
What is the highest common factor of 17095705 and 275?
55
What is the highest common divisor of 35690 and 1796540?
430
What is the highest common divisor of 41504 and 297088?
32
What is the highest common factor of 2113033 and 3728231?
11063
Calculate the highest common factor of 20 and 1682615.
5
What is the highest common divisor of 15095393 and 157?
157
What is the greatest common divisor of 789508 and 84?
4
What is the highest common divisor of 8688 and 131248?
16
Calculate the greatest common factor of 33082565 and 1.
1
What is the highest common factor of 294578028 and 504?
36
Calculate the greatest common factor of 110109 and 4263390.
381
Calculate the greatest common divisor of 18336 and 1479486.
1146
What is the greatest common factor of 1450 and 89112505?
145
What is the highest common divisor of 976535 and 270?
5
Calculate the greatest common factor of 2852 and 64560011.
713
Calculate the greatest common factor of 122755598 and 7.
7
What is the highest common factor of 67880 and 291020?
20
What is the highest common factor of 15527748 and 60?
12
What is the greatest common factor of 724665053 and 11487?
3829
What is the highest common factor of 139190847 and 834?
417
What is the highest common divisor of 7228702 and 228?
38
Calculate the greatest common divisor of 756029 and 172.
1
What is the greatest common factor of 285768 and 901992?
1176
What is the greatest common factor of 124248 and 55800?
744
What is the greatest common divisor of 182974 and 2442?
22
Calculate the greatest common factor of 18 and 23358663.
9
What is the highest common divisor of 60995 and 2805?
55
What is the highest common divisor of 4593225 and 287625?
975
What is the greatest common divisor of 10553728 and 41?
41
Calculate the highest common factor of 10962 and 1419012.
378
What is the greatest common divisor of 140108752 and 42?
14
What is the greatest common divisor of 1609858 and 6?
2
Calculate the greatest common factor of 6751620 and 1080.
540
What is the highest common divisor of 10748107 and 6808?
23
Calculate the highest common divisor of 309 and 211825783.
103
Calculate the highest common factor of 175 and 7102925.
25
Calculate the greatest common factor of 1301319 and 8289.
27
What is the greatest common factor of 754206 and 1068272?
746
Calculate the highest common factor of 233444 and 3672.
68
Calculate the highest common divisor of 2222 and 60866212.
22
Calculate the highest common factor of 6496197 and 39639.
219
Calculate the greatest common divisor of 899660 and 760.
20
What is the highest common factor of 334760 and 15020?
20
What is the highest